{"id":6125,"date":"2024-09-02T14:50:13","date_gmt":"2024-09-02T14:50:13","guid":{"rendered":"https:\/\/sevenseeds.pl\/?post_type=product&#038;p=6125"},"modified":"2026-02-22T10:47:05","modified_gmt":"2026-02-22T10:47:05","slug":"strawberry-coffee","status":"publish","type":"product","link":"https:\/\/sevenseeds.pl\/index.php\/produkt\/strawberry-coffee\/","title":{"rendered":"Strawberry Coffee"},"content":{"rendered":"<div dir=\"auto\">\n<p dir=\"ltr\">Strawberry Coffee\u00a0 to wyj\u0105tkowa hybryda z dominacj\u0105 gen\u00f3w sativa, kt\u00f3ra zachwyca nie tylko swoim wygl\u0105dem, ale r\u00f3wnie\u017c niesamowitym aromatem i smakiem. Ta mocno oszroniona ro\u015blina zosta\u0142a starannie wyselekcjonowana ze wzgl\u0119du na szybko\u015b\u0107 dojrzewania, imponuj\u0105cy wigor oraz doskona\u0142y stosunek kwiat\u00f3w do li\u015bci.<\/p>\n<p dir=\"ltr\">Gotowa do zbioru ju\u017c po 7 tygodniach kwitnienia, Strawberry Coffee po d\u0142u\u017cszym czasie zyskuje ciemniejsze, purpurowe odcienie oraz bardziej intensywny efekt dzia\u0142ania i wyra\u017any, cierpki sosnowy zapach. Hybryda o przewadze gen\u00f3w sativa pe\u0142na \u017cywicy o pi\u0119knym truskawkowym aromacie z kawowymi akcentami, doskona\u0142ym smakiem. Ro\u015blina ta jest pe\u0142na \u017cywicy, a jej profil terpenowy jest tak unikalny, \u017ce utrzymuje si\u0119 przez wiele tygodni po zbiorze.<\/p>\n<p dir=\"ltr\">Aromat i smak: Strawberry Coffee oferuje pi\u0119kny truskawkowy zapach z subtelnymi nutami kawy, uzupe\u0142niony o s\u0142odkie, ziemiste i sosnowe akcenty. Jest to idealny wyb\u00f3r dla tych, kt\u00f3rzy szukaj\u0105 czego\u015b wyj\u0105tkowego o silnym i d\u0142ugotrwa\u0142ym dzia\u0142aniu.<\/p>\n<p dir=\"ltr\">Je\u015bli szukasz hybrydy, kt\u00f3ra \u0142\u0105czy w sobie unikalny profil terpenowy, doskona\u0142y smak oraz pot\u0119\u017cny efekt, Strawberry Coffee spe\u0142ni Twoje oczekiwania.<\/p>\n<\/div>\n<div dir=\"auto\"><\/div>\n","protected":false},"excerpt":{"rendered":"<p>Strawberry Coffee to mocno oszroniona dominuj\u0105ca sativa kt\u00f3ra zosta\u0142a wybrana ze wzgl\u0119du na szybko\u015b\u0107 kwitnienia, unikatowy aromat, niesamowity wigor i bardzo dobry stosunek kwiat\u00f3w do li\u015bci.<\/p>\n","protected":false},"featured_media":6266,"comment_status":"open","ping_status":"closed","template":"","meta":{"_acf_changed":false},"product_brand":[],"product_cat":[15],"product_tag":[],"class_list":{"0":"post-6125","1":"product","2":"type-product","3":"status-publish","4":"has-post-thumbnail","6":"product_cat-nasiona-feminizowane-premium","8":"first","9":"instock","10":"shipping-taxable","11":"purchasable","12":"product-type-variable"},"acf":[],"_links":{"self":[{"href":"https:\/\/sevenseeds.pl\/index.php\/wp-json\/wp\/v2\/product\/6125","targetHints":{"allow":["GET"]}}],"collection":[{"href":"https:\/\/sevenseeds.pl\/index.php\/wp-json\/wp\/v2\/product"}],"about":[{"href":"https:\/\/sevenseeds.pl\/index.php\/wp-json\/wp\/v2\/types\/product"}],"replies":[{"embeddable":true,"href":"https:\/\/sevenseeds.pl\/index.php\/wp-json\/wp\/v2\/comments?post=6125"}],"wp:featuredmedia":[{"embeddable":true,"href":"https:\/\/sevenseeds.pl\/index.php\/wp-json\/wp\/v2\/media\/6266"}],"wp:attachment":[{"href":"https:\/\/sevenseeds.pl\/index.php\/wp-json\/wp\/v2\/media?parent=6125"}],"wp:term":[{"taxonomy":"product_brand","embeddable":true,"href":"https:\/\/sevenseeds.pl\/index.php\/wp-json\/wp\/v2\/product_brand?post=6125"},{"taxonomy":"product_cat","embeddable":true,"href":"https:\/\/sevenseeds.pl\/index.php\/wp-json\/wp\/v2\/product_cat?post=6125"},{"taxonomy":"product_tag","embeddable":true,"href":"https:\/\/sevenseeds.pl\/index.php\/wp-json\/wp\/v2\/product_tag?post=6125"}],"curies":[{"name":"wp","href":"https:\/\/api.w.org\/{rel}","templated":true}]}}