{"id":5266,"date":"2022-11-17T12:45:04","date_gmt":"2022-11-17T12:45:04","guid":{"rendered":"http:\/\/www.dev.sevenseeds.pl\/?post_type=product&#038;p=5266"},"modified":"2026-02-22T10:55:18","modified_gmt":"2026-02-22T10:55:18","slug":"mountain-melts-cbg","status":"publish","type":"product","link":"https:\/\/sevenseeds.pl\/index.php\/produkt\/mountain-melts-cbg\/","title":{"rendered":"Wyprzedane MOUNTAIN MELTS CBG"},"content":{"rendered":"<p>&nbsp;<\/p>\n<p>Mountain Melts CBG stabilna odmiana feminizowana, posiada wysokie st\u0119\u017cenie Kannabigerolu (CBG). Dobrze rozga\u0142\u0119zione ro\u015bliny o masywnej strukturze szczyt\u00f3w, charakteryzuj\u0105 si\u0119 s\u0142odkim kwiatowym aromatem. Zapach mo\u017ce kojarzy\u0107 si\u0119 z letni\u0105 \u0142\u0105k\u0105 pe\u0142n\u0105 kwiat\u00f3w. Odmiana \u0142atwa w uprawie, wymaga tylko uwagi w pierwszych tygodniach. Odmiana bez efektu psychoaktywnego st\u0119\u017cenie thc z regu\u0142y nie przekracza 0.09% thc.<\/p>\n","protected":false},"excerpt":{"rendered":"<p>Mountain Melts CBG to odmiana feminizowana kt\u00f3ra posiada wysokie st\u0119\u017cenie Kannabigerolu (CBG). Odmiana \u0142atwa w uprawie, bez efektu psychoaktywnego st\u0119\u017cenie thc z regu\u0142y nie przekracza 0.09% thc.<\/p>\n","protected":false},"featured_media":5793,"comment_status":"open","ping_status":"closed","template":"","meta":{"_acf_changed":false},"product_brand":[],"product_cat":[41],"product_tag":[],"class_list":{"0":"post-5266","1":"product","2":"type-product","3":"status-publish","4":"has-post-thumbnail","6":"product_cat-nasiona-feminizowane-cbd","8":"first","9":"onbackorder","10":"shipping-taxable","11":"product-type-variable"},"acf":[],"_links":{"self":[{"href":"https:\/\/sevenseeds.pl\/index.php\/wp-json\/wp\/v2\/product\/5266","targetHints":{"allow":["GET"]}}],"collection":[{"href":"https:\/\/sevenseeds.pl\/index.php\/wp-json\/wp\/v2\/product"}],"about":[{"href":"https:\/\/sevenseeds.pl\/index.php\/wp-json\/wp\/v2\/types\/product"}],"replies":[{"embeddable":true,"href":"https:\/\/sevenseeds.pl\/index.php\/wp-json\/wp\/v2\/comments?post=5266"}],"wp:featuredmedia":[{"embeddable":true,"href":"https:\/\/sevenseeds.pl\/index.php\/wp-json\/wp\/v2\/media\/5793"}],"wp:attachment":[{"href":"https:\/\/sevenseeds.pl\/index.php\/wp-json\/wp\/v2\/media?parent=5266"}],"wp:term":[{"taxonomy":"product_brand","embeddable":true,"href":"https:\/\/sevenseeds.pl\/index.php\/wp-json\/wp\/v2\/product_brand?post=5266"},{"taxonomy":"product_cat","embeddable":true,"href":"https:\/\/sevenseeds.pl\/index.php\/wp-json\/wp\/v2\/product_cat?post=5266"},{"taxonomy":"product_tag","embeddable":true,"href":"https:\/\/sevenseeds.pl\/index.php\/wp-json\/wp\/v2\/product_tag?post=5266"}],"curies":[{"name":"wp","href":"https:\/\/api.w.org\/{rel}","templated":true}]}}