{"id":3,"date":"2022-11-14T13:02:45","date_gmt":"2022-11-14T13:02:45","guid":{"rendered":"http:\/\/www.dev.sevenseeds.pl\/?page_id=3"},"modified":"2022-12-24T11:21:12","modified_gmt":"2022-12-24T11:21:12","slug":"polityka-prywatnosci","status":"publish","type":"page","link":"https:\/\/sevenseeds.pl\/index.php\/polityka-prywatnosci\/","title":{"rendered":"Polityka prywatno\u015bci"},"content":{"rendered":"<p>Przyk\u0142adamy du\u017c\u0105 wag\u0119 do ochrony Twoich danych osobowych i dokonujemy tego zgodnie z zasadami okre\u015blonymi w przepisach prawa polskiego, w tym z regulacjami Rozporz\u0105dzenia Og\u00f3lnego o Ochronie Danych Osobowych (RODO).<\/p><p>Celem niniejszej Polityki Prywatno\u015bci jest wyja\u015bnienie zasad, na jakich przetwarzane s\u0105 udost\u0119pnione nam dane osobowe oraz om\u00f3wienie Twoich podstawowych praw zwi\u0105zanych z przetwarzaniem przez nas danych osobowych.<\/p><p>Administratorem danych osobowych jest:<\/p><p>Seven Seeds&nbsp;<br>32-065 Krzeszowice, Szarych Szereg\u00f3w 1\/7<br>NIP: 5130207512<\/p><p>Nie powo\u0142ali\u015bmy Inspektora Ochrony Danych, ale we wszystkich sprawach dotycz\u0105cych przetwarzania danych mo\u017cesz si\u0119 z nami skontaktowa\u0107 pod adresem e-mail: sevenseeds420sklep@gmail.com<\/p><div style=\"height:30px\" aria-hidden=\"true\" class=\"wp-block-spacer\"><\/div><h3 class=\"wp-block-heading\">Og\u00f3lne zasady przetwarzania danych osobowych<\/h3><div style=\"height:30px\" aria-hidden=\"true\" class=\"wp-block-spacer\"><\/div><p>Zasady reguluj\u0105ce przetwarzanie danych osobowych stanowi\u0105 ramy, kt\u00f3re gwarantuj\u0105, \u017ce dane osobowe u\u017cywane b\u0119d\u0105 we w\u0142a\u015bciwy spos\u00f3b. Zobowi\u0105zujemy si\u0119 dba\u0107 o to, by dane osobowe by\u0142y:<\/p><ol class=\"wp-block-list\"><li>przetwarzane rzetelnie, zgodnie z prawem i w spos\u00f3b przejrzysty;<\/li>\n\n<li>prawid\u0142owe, stosowne oraz nienadmierne ilo\u015bciowo;<\/li>\n\n<li>dok\u0142adne i aktualne \u2013 niedok\u0142adne lub niekompletne dane osobowe b\u0119d\u0105 poprawiane lub usuwane b\u0105d\u017a ich dalsze przetwarzanie zostanie wstrzymane;<\/li>\n\n<li>przechowywane przez czas nie d\u0142u\u017cszy ni\u017c to konieczne;<\/li>\n\n<li>przetwarzane jedynie w okre\u015blonym, jednoznacznym i zgodnym z prawem celu oraz zgodnie z celem, w jakim s\u0105 gromadzone;<\/li>\n\n<li>bezpieczne.<\/li><\/ol><div style=\"height:30px\" aria-hidden=\"true\" class=\"wp-block-spacer\"><\/div><h3 class=\"wp-block-heading\">Rodzaje danych osobowych<\/h3><div style=\"height:30px\" aria-hidden=\"true\" class=\"wp-block-spacer\"><\/div><p>B\u0119dziemy na wiele sposob\u00f3w zbiera\u0107 i przetwarza\u0107 dane osobowe przekazywane nam za po\u015brednictwem r\u00f3\u017cnych kana\u0142\u00f3w komunikacji, w\u0142\u0105czaj\u0105c w to nasz Sklep. Niekt\u00f3re dane osobowe s\u0105 nam niezb\u0119dne w celu sprzeda\u017cy naszych produkt\u00f3w, natomiast podanie innych danych jest dobrowolne, np. w celach marketingowych.<\/p><p>Zawsze informujemy, kt\u00f3re dane osobowe s\u0105 wymagane (np. poprzez zaznaczenie ich gwiazdk\u0105 (*)) oraz jakie konsekwencje b\u0119d\u0105 wi\u0105za\u0107 si\u0119 z niedostarczeniem nam tych danych \u2013 taka sytuacja mo\u017ce przyk\u0142adowo skutkowa\u0107 brakiem mo\u017cliwo\u015bci (pe\u0142nego) spe\u0142nienia Twoich \u017c\u0105da\u0144. Dane osobowe, kt\u00f3re gromadzimy i przetwarzamy, mo\u017cna og\u00f3lnie podzieli\u0107 na nast\u0119puj\u0105ce kategorie:<\/p><ol class=\"wp-block-list\"><li>dane kontaktowe, takie jak imi\u0119 i nazwisko, adres, numer telefonu, adres e-mail;<\/li>\n\n<li>dane adresowy, przede wszystkim adres dor\u0119czenia produktu;<\/li>\n\n<li>dane dot. p\u0142atno\u015bci, a wi\u0119c np. numery rachunk\u00f3w bankowych czy kart kredytowych;<\/li>\n\n<li>informacje o u\u017cytkowniku, na przyk\u0142ad dane techniczne dotycz\u0105ce u\u017cytkowania i przegl\u0105dania, w tym adresy IP, z kt\u00f3rych Internauci odwiedzaj\u0105 nasze strony internetowe lub aplikacje, z uwzgl\u0119dnieniem stron podmiot\u00f3w zewn\u0119trznych.<\/li><\/ol><div style=\"height:30px\" aria-hidden=\"true\" class=\"wp-block-spacer\"><\/div><h3 class=\"wp-block-heading\">Cele przetwarzania danych osobowych<\/h3><div style=\"height:30px\" aria-hidden=\"true\" class=\"wp-block-spacer\"><\/div><p>Przetwarzamy dane osobowe w celach zgodnych z prawem i zasadniczo robimy to tylko, je\u015bli:<\/p><ol class=\"wp-block-list\"><li>wyrazi\u0142e\u015b zgod\u0119 na przetwarzanie danych;<\/li>\n\n<li>przetwarzanie danych jest konieczne do realizacji umowy, np. dostarczenia przez nas produktu;<\/li>\n\n<li>przetwarzanie danych jest niezb\u0119dne do wykonania ci\u0105\u017c\u0105cego na nas obowi\u0105zku prawnego;<\/li>\n\n<li>przetwarzanie danych jest konieczne dla potrzeb wynikaj\u0105cych z naszych uzasadnionych interes\u00f3w lub uzasadnionych interes\u00f3w podmiot\u00f3w zewn\u0119trznych oraz nie jest uwa\u017cane za szkodliwe dla osoby, kt\u00f3rej dane przetwarzamy, w\u0142\u0105czaj\u0105c w to nasze interesy w kontek\u015bcie rozwijania, oceniania, oferowania i sprzeda\u017cy naszych produkt\u00f3w, nawi\u0105zywania, rozwijania i utrzymywania relacji biznesowych.<\/li><\/ol><p>Przetwarzamy dane osobowe, aby:<\/p><ol class=\"wp-block-list\"><li>u\u0142atwi\u0107 korzystanie z naszego Sklepu, umo\u017cliwi\u0107 Wam nabywanie naszych produkt\u00f3w oraz kontaktowa\u0107 si\u0119 z Wami w ramach standardowej obs\u0142ugi;<\/li>\n\n<li>zapewnia\u0107 szeroko rozumian\u0105 obs\u0142ug\u0119 klienta i wsparcie techniczne;<\/li>\n\n<li>personalizowa\u0107 zawarto\u015b\u0107 Sklepu i wyniki wyszukiwania.<\/li><\/ol><div style=\"height:30px\" aria-hidden=\"true\" class=\"wp-block-spacer\"><\/div><h3 class=\"wp-block-heading\">Ujawnianie, przekazywanie i udost\u0119pnianie danych osobowych podmiotom zewn\u0119trznym<\/h3><div style=\"height:30px\" aria-hidden=\"true\" class=\"wp-block-spacer\"><\/div><p>Ujawnianie i przekazywanie przez nas danych osobowych podmiotom zewn\u0119trznym jest ograniczone do minimum i uzale\u017cnione od istnienia odpowiedniego poziomu ochrony danych.<\/p><p>Nigdy nie przekazujemy Twoich danych w celach marketingowych, nie sprzedajemy ich ani nie wykorzystujemy, aby wymienia\u0107 si\u0119 danymi z innymi podmiotami zewn\u0119trznymi.<\/p><p>Zastrzegamy sobie prawo do ujawniania lub udost\u0119pniania danych osobowych podmiotom zewn\u0119trznym w nast\u0119puj\u0105cych okoliczno\u015bciach:<\/p><ol class=\"wp-block-list\"><li>gdy podmioty zewn\u0119trzne \u015bwiadcz\u0105 w naszym imieniu us\u0142ugi, na przyk\u0142ad wsparcie informatyczne, us\u0142ugi hostingowe, obs\u0142ug\u0119 p\u0142atno\u015bci, dostarczanie produkt\u00f3w (firmy kurierskie);<\/li>\n\n<li>tego rodzaju podmioty zewn\u0119trzne mog\u0105 przetwarza\u0107 ujawnione, przekazane lub udost\u0119pnione im dane osobowe wy\u0142\u0105cznie na zasadach okre\u015blonych przez nas i na podstawie pisemnej umowy o przetwarzaniu danych;<\/li>\n\n<li>doradcy prawni &#8211; w celu ustanowienia, wykonania lub obrony naszych praw;<\/li>\n\n<li>w sytuacji, gdy u\u017cytkownik wyrazi\u0142 uprzedni\u0105 zgod\u0119 na ujawnianie swoich danych osobowych podmiotom zewn\u0119trznym.<\/li><\/ol><p>Je\u015bli odbiorca danych osobowych znajduje si\u0119 w kraju nienale\u017c\u0105cym do UE\/EOG, kt\u00f3ry nie zapewnia odpowiedniego poziomu ochrony danych, dane osobowe u\u017cytkownik\u00f3w zostan\u0105 przes\u0142ane takiemu odbiorcy dopiero po zawarciu z nim pisemnego porozumienia o przekazaniu danych w oparciu o standardowe klauzule umowne przyj\u0119te przez Komisj\u0119 Europejsk\u0105.<\/p><div style=\"height:30px\" aria-hidden=\"true\" class=\"wp-block-spacer\"><\/div><h3 class=\"wp-block-heading\">Zgoda u\u017cytkownika<\/h3><div style=\"height:30px\" aria-hidden=\"true\" class=\"wp-block-spacer\"><\/div><p>Niekt\u00f3re nasze dzia\u0142ania zwi\u0105zane z przetwarzaniem informacji b\u0119d\u0105 prowadzone w oparciu Twoj\u0105 zgod\u0119. W takim wypadku masz prawo do wycofania swojej zgody w dowolnym czasie. Je\u017celi wycofasz zgod\u0119, zaprzestaniemy przetwarzania Twoich danych osobowych, chyba \u017ce ich dalsze przetwarzanie lub przechowywanie jest dozwolone lub wymagane przez obowi\u0105zuj\u0105ce przepisy polskiego prawa. Nale\u017cy zwr\u00f3ci\u0107 uwag\u0119, \u017ce wycofanie zgody nie b\u0119dzie mia\u0142o wp\u0142ywu na zgodno\u015b\u0107 z prawem procesu przetwarzania danych przed jej wycofaniem. Co wi\u0119cej, wycofanie zgody mo\u017ce w konsekwencji uniemo\u017cliwi\u0107 nam realizacj\u0119 Twoich oczekiwa\u0144.<\/p><div style=\"height:30px\" aria-hidden=\"true\" class=\"wp-block-spacer\"><\/div><h3 class=\"wp-block-heading\">Twoje prawa<\/h3><div style=\"height:30px\" aria-hidden=\"true\" class=\"wp-block-spacer\"><\/div><p>W ka\u017cdej chwili masz prawo sprawdzi\u0107, kt\u00f3re z Twoich danych osobowych przetwarzamy. W tym celu mo\u017cesz do nas napisa\u0107 na adresy wskazane na pocz\u0105tku Polityki Prywatno\u015bci. Odpowied\u017a przeka\u017cemy Ci co do zasady w formie e-mail.<\/p><p>Mo\u017cesz tak\u017ce \u017c\u0105da\u0107 uaktualnienia lub poprawienia Twoich danych.<\/p><p>Gdy na podstawie Twojej zgody lub w ramach realizacji zam\u00f3wie\u0144 na nasze produkty przetwarzamy dane osobowe w spos\u00f3b zautomatyzowany, masz prawo otrzyma\u0107 kopi\u0119 swoich danych w ustrukturyzowanym, powszechnie u\u017cywanym i mo\u017cliwym do odczytania formacie. Kopi\u0119 t\u0119 mo\u017cemy przes\u0142a\u0107 Tobie lub innemu podmiotowi, kt\u00f3ry odt\u0105d b\u0119dzie przetwarza\u0142 te dane. Pami\u0119taj, \u017ce dotyczy to wy\u0142\u0105cznie danych osobowych, kt\u00f3re otrzymali\u015bmy od Ciebie.<\/p><p>Masz prawo w dowolnym momencie usun\u0105\u0107 swoje dane osobowe, kt\u00f3re przetwarzamy. Wyj\u0105tkiem s\u0105 sytuacje, kiedy:<\/p><ol class=\"wp-block-list\"><li>czekamy na op\u0142acenie zam\u00f3wionego przez Ciebie produktu,<\/li>\n\n<li>kupi\u0142e\u015b co\u015b w naszym Sklepie \u2013 wtedy zachowamy Twoje dane osobowe dotycz\u0105ce transakcji w celach ksi\u0119gowych;<\/li>\n\n<li>podejrzewamy, \u017ce Twoje dzia\u0142ania mog\u0105 powodowa\u0107 powstanie roszcze\u0144 wobec Twojej osoby.<\/li><\/ol><p>Masz tak\u017ce prawo sprzeciwi\u0107 si\u0119 przetwarzaniu Twoich danych w zakresie, w jakim to robimy na podstawie tzw. prawnie uzasadnionego interesu. Zaprzestaniemy w\u00f3wczas przetwarzania Twoich danych osobowych. Nie zrobimy tego, gdy zgodnie z prawem Tw\u00f3j interes lub Twoje prawa zostan\u0105 uniewa\u017cnione albo b\u0119d\u0105 wobec Ciebie roszczenia prawne. W takiej sytuacji poinformujemy Ci\u0119 o tym.<\/p><p>Masz prawo w ka\u017cdym momencie zrezygnowa\u0107 z otrzymywania naszego newslettera, na kt\u00f3ry si\u0119 zapisa\u0142e\u015b. Mo\u017cesz to uczyni\u0107 w e-mailu z ostatnim newsletterem (na jego ko\u0144cu zawarty jest odno\u015bnik, kt\u00f3ry po klikni\u0119ciu anuluje dalsz\u0105 wysy\u0142k\u0119 newsletter\u00f3w) lub pisz\u0105c do nas na adresy wskazane na pocz\u0105tku Polityki Prywatno\u015bci.<\/p><p>Je\u015bli uwa\u017casz, \u017ce przetwarzamy Twoje dane osobowe w spos\u00f3b niew\u0142a\u015bciwy masz prawo zg\u0142osi\u0107 skarg\u0119 do organu nadzorczego tj. Prezesa Urz\u0119du Ochrony Danych Osobowych.<\/p><p>B\u0119dziemy przetwarza\u0107 Twoje dane zwi\u0105zane z kontem w Sklepie, do czasu a\u017c je usuniesz lub my to uczynimy z uwagi na naruszenie naszych praw.<\/p><p>Dane zwi\u0105zane z Twoimi zakupami przechowujemy tak d\u0142ugo, a\u017c nie wygasn\u0105 potencjalne roszczenia Twoje lub nasze zwi\u0105zane z dan\u0105 sprzeda\u017c\u0105 produktu.<\/p><p>Dane potrzebne do rozlicze\u0144 ksi\u0119gowych lub podatkowych przechowujemy tak d\u0142ugo, jak wymagaj\u0105 tego przepisy rachunkowe lub podatkowe.<\/p><p>B\u0119dziemy przechowywa\u0107 Twoje dane do cel\u00f3w marketingu bezpo\u015bredniego do momentu, w kt\u00f3rym wycofasz swoj\u0105 zgod\u0119.<\/p>","protected":false},"excerpt":{"rendered":"<p>Przyk\u0142adamy du\u017c\u0105 wag\u0119 do ochrony Twoich danych osobowych i dokonujemy tego zgodnie z zasadami okre\u015blonymi w przepisach prawa polskiego, w tym z regulacjami Rozporz\u0105dzenia Og\u00f3lnego o Ochronie Danych Osobowych (RODO). Celem niniejszej Polityki Prywatno\u015bci jest wyja\u015bnienie zasad, na jakich przetwarzane s\u0105 udost\u0119pnione nam dane osobowe oraz om\u00f3wienie Twoich podstawowych praw zwi\u0105zanych z przetwarzaniem przez nas [&hellip;]<\/p>\n","protected":false},"author":1,"featured_media":0,"parent":0,"menu_order":0,"comment_status":"closed","ping_status":"closed","template":"","meta":{"_acf_changed":false,"footnotes":""},"class_list":["post-3","page","type-page","status-publish","hentry"],"acf":[],"rankMath":{"parentDomain":"sevenseeds.pl","noFollowDomains":[],"noFollowExcludeDomains":[],"noFollowExternalLinks":false,"featuredImageNotice":"Prezentowany obraz powinien mie\u0107 co najmniej 200 na 200 pikseli, aby m\u00f3g\u0142 go pobra\u0107 Facebook i inne serwisy spo\u0142eczno\u015bciowe.","pluginReviewed":true,"postSettings":{"linkSuggestions":true,"useFocusKeyword":false},"frontEndScore":false,"postName":"polityka-prywatnosci","permalinkFormat":"https:\/\/sevenseeds.pl\/index.php\/%pagename%\/","showLockModifiedDate":true,"assessor":{"focusKeywordLink":"https:\/\/sevenseeds.pl\/wp-admin\/edit.php?focus_keyword=%focus_keyword%&post_type=%post_type%","hasTOCPlugin":true,"primaryTaxonomy":false,"serpData":{"title":"","description":"","focusKeywords":"","pillarContent":false,"canonicalUrl":"","breadcrumbTitle":"","advancedRobots":{"max-snippet":"-1","max-video-preview":"-1","max-image-preview":"large"},"facebookTitle":"","facebookDescription":"","facebookImage":"","facebookImageID":"","facebookHasOverlay":false,"facebookImageOverlay":"","facebookAuthor":"","twitterCardType":"","twitterUseFacebook":true,"twitterTitle":"","twitterDescription":"","twitterImage":"","twitterImageID":"","twitterHasOverlay":false,"twitterImageOverlay":"","twitterPlayerUrl":"","twitterPlayerSize":"","twitterPlayerStream":"","twitterPlayerStreamCtype":"","twitterAppDescription":"","twitterAppIphoneName":"","twitterAppIphoneID":"","twitterAppIphoneUrl":"","twitterAppIpadName":"","twitterAppIpadID":"","twitterAppIpadUrl":"","twitterAppGoogleplayName":"","twitterAppGoogleplayID":"","twitterAppGoogleplayUrl":"","twitterAppCountry":"","robots":{"index":true},"twitterAuthor":"u\u017cytkownik","primaryTerm":0,"authorName":"admin","titleTemplate":"%title% %page% %sep% %sitename%","descriptionTemplate":"%excerpt%","showScoreFrontend":true,"lockModifiedDate":false},"powerWords":[],"diacritics":{"A":"[\\u0041\\u24B6\\uFF21\\u00C0\\u00C1\\u00C2\\u1EA6\\u1EA4\\u1EAA\\u1EA8\\u00C3\\u0100\\u0102\\u1EB0\\u1EAE\\u1EB4\\u1EB2\\u0226\\u01E0\\u00C4\\u01DE\\u1EA2\\u00C5\\u01FA\\u01CD\\u0200\\u0202\\u1EA0\\u1EAC\\u1EB6\\u1E00\\u0104\\u023A\\u2C6F]","AA":"[\\uA732]","AE":"[\\u00C6\\u01FC\\u01E2]","AO":"[\\uA734]","AU":"[\\uA736]","AV":"[\\uA738\\uA73A]","AY":"[\\uA73C]","B":"[\\u0042\\u24B7\\uFF22\\u1E02\\u1E04\\u1E06\\u0243\\u0182\\u0181]","C":"[\\u0043\\u24B8\\uFF23\\u0106\\u0108\\u010A\\u010C\\u00C7\\u1E08\\u0187\\u023B\\uA73E]","D":"[\\u0044\\u24B9\\uFF24\\u1E0A\\u010E\\u1E0C\\u1E10\\u1E12\\u1E0E\\u0110\\u018B\\u018A\\u0189\\uA779]","DZ":"[\\u01F1\\u01C4]","Dz":"[\\u01F2\\u01C5]","E":"[\\u0045\\u24BA\\uFF25\\u00C8\\u00C9\\u00CA\\u1EC0\\u1EBE\\u1EC4\\u1EC2\\u1EBC\\u0112\\u1E14\\u1E16\\u0114\\u0116\\u00CB\\u1EBA\\u011A\\u0204\\u0206\\u1EB8\\u1EC6\\u0228\\u1E1C\\u0118\\u1E18\\u1E1A\\u0190\\u018E]","F":"[\\u0046\\u24BB\\uFF26\\u1E1E\\u0191\\uA77B]","G":"[\\u0047\\u24BC\\uFF27\\u01F4\\u011C\\u1E20\\u011E\\u0120\\u01E6\\u0122\\u01E4\\u0193\\uA7A0\\uA77D\\uA77E]","H":"[\\u0048\\u24BD\\uFF28\\u0124\\u1E22\\u1E26\\u021E\\u1E24\\u1E28\\u1E2A\\u0126\\u2C67\\u2C75\\uA78D]","I":"[\\u0049\\u24BE\\uFF29\\u00CC\\u00CD\\u00CE\\u0128\\u012A\\u012C\\u0130\\u00CF\\u1E2E\\u1EC8\\u01CF\\u0208\\u020A\\u1ECA\\u012E\\u1E2C\\u0197]","J":"[\\u004A\\u24BF\\uFF2A\\u0134\\u0248]","K":"[\\u004B\\u24C0\\uFF2B\\u1E30\\u01E8\\u1E32\\u0136\\u1E34\\u0198\\u2C69\\uA740\\uA742\\uA744\\uA7A2]","L":"[\\u004C\\u24C1\\uFF2C\\u013F\\u0139\\u013D\\u1E36\\u1E38\\u013B\\u1E3C\\u1E3A\\u0141\\u023D\\u2C62\\u2C60\\uA748\\uA746\\uA780]","LJ":"[\\u01C7]","Lj":"[\\u01C8]","M":"[\\u004D\\u24C2\\uFF2D\\u1E3E\\u1E40\\u1E42\\u2C6E\\u019C]","N":"[\\u004E\\u24C3\\uFF2E\\u01F8\\u0143\\u00D1\\u1E44\\u0147\\u1E46\\u0145\\u1E4A\\u1E48\\u0220\\u019D\\uA790\\uA7A4]","NJ":"[\\u01CA]","Nj":"[\\u01CB]","O":"[\\u004F\\u24C4\\uFF2F\\u00D2\\u00D3\\u00D4\\u1ED2\\u1ED0\\u1ED6\\u1ED4\\u00D5\\u1E4C\\u022C\\u1E4E\\u014C\\u1E50\\u1E52\\u014E\\u022E\\u0230\\u00D6\\u022A\\u1ECE\\u0150\\u01D1\\u020C\\u020E\\u01A0\\u1EDC\\u1EDA\\u1EE0\\u1EDE\\u1EE2\\u1ECC\\u1ED8\\u01EA\\u01EC\\u00D8\\u01FE\\u0186\\u019F\\uA74A\\uA74C]","OI":"[\\u01A2]","OO":"[\\uA74E]","OU":"[\\u0222]","P":"[\\u0050\\u24C5\\uFF30\\u1E54\\u1E56\\u01A4\\u2C63\\uA750\\uA752\\uA754]","Q":"[\\u0051\\u24C6\\uFF31\\uA756\\uA758\\u024A]","R":"[\\u0052\\u24C7\\uFF32\\u0154\\u1E58\\u0158\\u0210\\u0212\\u1E5A\\u1E5C\\u0156\\u1E5E\\u024C\\u2C64\\uA75A\\uA7A6\\uA782]","S":"[\\u0053\\u24C8\\uFF33\\u1E9E\\u015A\\u1E64\\u015C\\u1E60\\u0160\\u1E66\\u1E62\\u1E68\\u0218\\u015E\\u2C7E\\uA7A8\\uA784]","T":"[\\u0054\\u24C9\\uFF34\\u1E6A\\u0164\\u1E6C\\u021A\\u0162\\u1E70\\u1E6E\\u0166\\u01AC\\u01AE\\u023E\\uA786]","TZ":"[\\uA728]","U":"[\\u0055\\u24CA\\uFF35\\u00D9\\u00DA\\u00DB\\u0168\\u1E78\\u016A\\u1E7A\\u016C\\u00DC\\u01DB\\u01D7\\u01D5\\u01D9\\u1EE6\\u016E\\u0170\\u01D3\\u0214\\u0216\\u01AF\\u1EEA\\u1EE8\\u1EEE\\u1EEC\\u1EF0\\u1EE4\\u1E72\\u0172\\u1E76\\u1E74\\u0244]","V":"[\\u0056\\u24CB\\uFF36\\u1E7C\\u1E7E\\u01B2\\uA75E\\u0245]","VY":"[\\uA760]","W":"[\\u0057\\u24CC\\uFF37\\u1E80\\u1E82\\u0174\\u1E86\\u1E84\\u1E88\\u2C72]","X":"[\\u0058\\u24CD\\uFF38\\u1E8A\\u1E8C]","Y":"[\\u0059\\u24CE\\uFF39\\u1EF2\\u00DD\\u0176\\u1EF8\\u0232\\u1E8E\\u0178\\u1EF6\\u1EF4\\u01B3\\u024E\\u1EFE]","Z":"[\\u005A\\u24CF\\uFF3A\\u0179\\u1E90\\u017B\\u017D\\u1E92\\u1E94\\u01B5\\u0224\\u2C7F\\u2C6B\\uA762]","a":"[\\u0061\\u24D0\\uFF41\\u1E9A\\u00E0\\u00E1\\u00E2\\u1EA7\\u1EA5\\u1EAB\\u1EA9\\u00E3\\u0101\\u0103\\u1EB1\\u1EAF\\u1EB5\\u1EB3\\u0227\\u01E1\\u00E4\\u01DF\\u1EA3\\u00E5\\u01FB\\u01CE\\u0201\\u0203\\u1EA1\\u1EAD\\u1EB7\\u1E01\\u0105\\u2C65\\u0250]","aa":"[\\uA733]","ae":"[\\u00E6\\u01FD\\u01E3]","ao":"[\\uA735]","au":"[\\uA737]","av":"[\\uA739\\uA73B]","ay":"[\\uA73D]","b":"[\\u0062\\u24D1\\uFF42\\u1E03\\u1E05\\u1E07\\u0180\\u0183\\u0253]","c":"[\\u0063\\u24D2\\uFF43\\u0107\\u0109\\u010B\\u010D\\u00E7\\u1E09\\u0188\\u023C\\uA73F\\u2184]","d":"[\\u0064\\u24D3\\uFF44\\u1E0B\\u010F\\u1E0D\\u1E11\\u1E13\\u1E0F\\u0111\\u018C\\u0256\\u0257\\uA77A]","dz":"[\\u01F3\\u01C6]","e":"[\\u0065\\u24D4\\uFF45\\u00E8\\u00E9\\u00EA\\u1EC1\\u1EBF\\u1EC5\\u1EC3\\u1EBD\\u0113\\u1E15\\u1E17\\u0115\\u0117\\u00EB\\u1EBB\\u011B\\u0205\\u0207\\u1EB9\\u1EC7\\u0229\\u1E1D\\u0119\\u1E19\\u1E1B\\u0247\\u025B\\u01DD]","f":"[\\u0066\\u24D5\\uFF46\\u1E1F\\u0192\\uA77C]","g":"[\\u0067\\u24D6\\uFF47\\u01F5\\u011D\\u1E21\\u011F\\u0121\\u01E7\\u0123\\u01E5\\u0260\\uA7A1\\u1D79\\uA77F]","h":"[\\u0068\\u24D7\\uFF48\\u0125\\u1E23\\u1E27\\u021F\\u1E25\\u1E29\\u1E2B\\u1E96\\u0127\\u2C68\\u2C76\\u0265]","hv":"[\\u0195]","i":"[\\u0069\\u24D8\\uFF49\\u00EC\\u00ED\\u00EE\\u0129\\u012B\\u012D\\u00EF\\u1E2F\\u1EC9\\u01D0\\u0209\\u020B\\u1ECB\\u012F\\u1E2D\\u0268\\u0131]","j":"[\\u006A\\u24D9\\uFF4A\\u0135\\u01F0\\u0249]","k":"[\\u006B\\u24DA\\uFF4B\\u1E31\\u01E9\\u1E33\\u0137\\u1E35\\u0199\\u2C6A\\uA741\\uA743\\uA745\\uA7A3]","l":"[\\u006C\\u24DB\\uFF4C\\u0140\\u013A\\u013E\\u1E37\\u1E39\\u013C\\u1E3D\\u1E3B\\u017F\\u0142\\u019A\\u026B\\u2C61\\uA749\\uA781\\uA747]","lj":"[\\u01C9]","m":"[\\u006D\\u24DC\\uFF4D\\u1E3F\\u1E41\\u1E43\\u0271\\u026F]","n":"[\\u006E\\u24DD\\uFF4E\\u01F9\\u0144\\u00F1\\u1E45\\u0148\\u1E47\\u0146\\u1E4B\\u1E49\\u019E\\u0272\\u0149\\uA791\\uA7A5]","nj":"[\\u01CC]","o":"[\\u006F\\u24DE\\uFF4F\\u00F2\\u00F3\\u00F4\\u1ED3\\u1ED1\\u1ED7\\u1ED5\\u00F5\\u1E4D\\u022D\\u1E4F\\u014D\\u1E51\\u1E53\\u014F\\u022F\\u0231\\u00F6\\u022B\\u1ECF\\u0151\\u01D2\\u020D\\u020F\\u01A1\\u1EDD\\u1EDB\\u1EE1\\u1EDF\\u1EE3\\u1ECD\\u1ED9\\u01EB\\u01ED\\u00F8\\u01FF\\u0254\\uA74B\\uA74D\\u0275]","oi":"[\\u01A3]","ou":"[\\u0223]","oo":"[\\uA74F]","p":"[\\u0070\\u24DF\\uFF50\\u1E55\\u1E57\\u01A5\\u1D7D\\uA751\\uA753\\uA755]","q":"[\\u0071\\u24E0\\uFF51\\u024B\\uA757\\uA759]","r":"[\\u0072\\u24E1\\uFF52\\u0155\\u1E59\\u0159\\u0211\\u0213\\u1E5B\\u1E5D\\u0157\\u1E5F\\u024D\\u027D\\uA75B\\uA7A7\\uA783]","s":"[\\u0073\\u24E2\\uFF53\\u015B\\u1E65\\u015D\\u1E61\\u0161\\u1E67\\u1E63\\u1E69\\u0219\\u015F\\u023F\\uA7A9\\uA785\\u1E9B]","ss":"[\\u00DF]","t":"[\\u0074\\u24E3\\uFF54\\u1E6B\\u1E97\\u0165\\u1E6D\\u021B\\u0163\\u1E71\\u1E6F\\u0167\\u01AD\\u0288\\u2C66\\uA787]","tz":"[\\uA729]","u":"[\\u0075\\u24E4\\uFF55\\u00F9\\u00FA\\u00FB\\u0169\\u1E79\\u016B\\u1E7B\\u016D\\u00FC\\u01DC\\u01D8\\u01D6\\u01DA\\u1EE7\\u016F\\u0171\\u01D4\\u0215\\u0217\\u01B0\\u1EEB\\u1EE9\\u1EEF\\u1EED\\u1EF1\\u1EE5\\u1E73\\u0173\\u1E77\\u1E75\\u0289]","v":"[\\u0076\\u24E5\\uFF56\\u1E7D\\u1E7F\\u028B\\uA75F\\u028C]","vy":"[\\uA761]","w":"[\\u0077\\u24E6\\uFF57\\u1E81\\u1E83\\u0175\\u1E87\\u1E85\\u1E98\\u1E89\\u2C73]","x":"[\\u0078\\u24E7\\uFF58\\u1E8B\\u1E8D]","y":"[\\u0079\\u24E8\\uFF59\\u1EF3\\u00FD\\u0177\\u1EF9\\u0233\\u1E8F\\u00FF\\u1EF7\\u1E99\\u1EF5\\u01B4\\u024F\\u1EFF]","z":"[\\u007A\\u24E9\\uFF5A\\u017A\\u1E91\\u017C\\u017E\\u1E93\\u1E95\\u01B6\\u0225\\u0240\\u2C6C\\uA763]"},"researchesTests":["contentHasTOC","contentHasShortParagraphs","contentHasAssets","keywordInTitle","keywordInMetaDescription","keywordInPermalink","keywordIn10Percent","keywordInContent","keywordInSubheadings","keywordInImageAlt","keywordDensity","keywordNotUsed","lengthContent","lengthPermalink","linksHasInternal","linksHasExternals","linksNotAllExternals","titleStartWithKeyword","titleSentiment","titleHasPowerWords","titleHasNumber","hasContentAI"],"hasRedirection":false,"hasBreadcrumb":true},"homeUrl":"https:\/\/sevenseeds.pl","objectID":3,"objectType":"post","locale":"pl","localeFull":"pl_PL","overlayImages":{"play":{"name":"Ikona PLAY","url":"https:\/\/sevenseeds.pl\/wp-content\/plugins\/seo-by-rank-math\/assets\/admin\/img\/icon-play.png","path":"\/home\/platne\/serwer313090\/public_html\/sevenseeds.pl\/wp-content\/plugins\/seo-by-rank-math\/assets\/admin\/img\/icon-play.png","position":"middle_center"},"gif":{"name":"Ikona GIF","url":"https:\/\/sevenseeds.pl\/wp-content\/plugins\/seo-by-rank-math\/assets\/admin\/img\/icon-gif.png","path":"\/home\/platne\/serwer313090\/public_html\/sevenseeds.pl\/wp-content\/plugins\/seo-by-rank-math\/assets\/admin\/img\/icon-gif.png","position":"middle_center"}},"defautOgImage":"https:\/\/sevenseeds.pl\/wp-content\/plugins\/seo-by-rank-math\/assets\/admin\/img\/social-placeholder.jpg","customPermalinks":true,"isUserRegistered":false,"autoSuggestKeywords":false,"connectSiteUrl":"https:\/\/rankmath.com\/auth?site=https%3A%2F%2Fsevenseeds.pl&r=https%3A%2F%2Fsevenseeds.pl%2Findex.php%2Fwp-json%2Fwp%2Fv2%2Fpages%2F3%3Fnonce%3D41c298acae","maxTags":5,"trendsIcon":"<svg viewBox=\"0 0 610 610\"><path d=\"M18.85,446,174.32,290.48l58.08,58.08L76.93,504a14.54,14.54,0,0,1-20.55,0L18.83,466.48a14.54,14.54,0,0,1,0-20.55Z\" style=\"fill:#4285f4\"\/><path d=\"M242.65,242.66,377.59,377.6l-47.75,47.75a14.54,14.54,0,0,1-20.55,0L174.37,290.43l47.75-47.75A14.52,14.52,0,0,1,242.65,242.66Z\" style=\"fill:#ea4335\"\/><polygon points=\"319.53 319.53 479.26 159.8 537.34 217.88 377.61 377.62 319.53 319.53\" style=\"fill:#fabb05\"\/><path d=\"M594.26,262.73V118.61h0a16.94,16.94,0,0,0-16.94-16.94H433.2a16.94,16.94,0,0,0-12,28.92L565.34,274.71h0a16.94,16.94,0,0,0,28.92-12Z\" style=\"fill:#34a853\"\/><rect width=\"610\" height=\"610\" style=\"fill:none\"\/><\/svg>","showScore":true,"siteFavIcon":"https:\/\/sevenseeds.pl\/wp-content\/uploads\/2024\/08\/cropped-Seven-Seeds-_-logo-_-rozmycia-_-GOT-_-bez-napisu_B-24x24.png","canUser":{"general":false,"advanced":false,"snippet":false,"social":false,"analysis":false,"analytics":false,"content_ai":false},"showKeywordIntent":true,"isPro":false,"is_front_page":false,"trendsUpgradeLink":"https:\/\/rankmath.com\/pricing\/?utm_source=Plugin&utm_medium=CE%20General%20Tab%20Trends&utm_campaign=WP","trendsUpgradeLabel":"Ulepszenie","trendsPreviewImage":"https:\/\/sevenseeds.pl\/wp-content\/plugins\/seo-by-rank-math\/assets\/admin\/img\/trends-preview.jpg","currentEditor":false,"homepageData":{"assessor":{"powerWords":[],"diacritics":true,"researchesTests":["contentHasTOC","contentHasShortParagraphs","contentHasAssets","keywordInTitle","keywordInMetaDescription","keywordInPermalink","keywordIn10Percent","keywordInContent","keywordInSubheadings","keywordInImageAlt","keywordDensity","keywordNotUsed","lengthContent","lengthPermalink","linksHasInternal","linksHasExternals","linksNotAllExternals","titleStartWithKeyword","titleSentiment","titleHasPowerWords","titleHasNumber","hasContentAI"],"hasBreadcrumb":true,"serpData":{"title":"%sitename% %page% %sep% %sitedesc%","description":"","titleTemplate":"%sitename% %page% %sep% %sitedesc%","descriptionTemplate":"","focusKeywords":"","breadcrumbTitle":"Strona g\u0142\u00f3wna","robots":{"index":true},"advancedRobots":{"max-snippet":"-1","max-video-preview":"-1","max-image-preview":"large"},"facebookTitle":"","facebookDescription":"","facebookImage":"","facebookImageID":""}}},"tocTitle":"Table of Contents","tocExcludeHeadings":[],"listStyle":"ul"},"_links":{"self":[{"href":"https:\/\/sevenseeds.pl\/index.php\/wp-json\/wp\/v2\/pages\/3","targetHints":{"allow":["GET"]}}],"collection":[{"href":"https:\/\/sevenseeds.pl\/index.php\/wp-json\/wp\/v2\/pages"}],"about":[{"href":"https:\/\/sevenseeds.pl\/index.php\/wp-json\/wp\/v2\/types\/page"}],"author":[{"embeddable":true,"href":"https:\/\/sevenseeds.pl\/index.php\/wp-json\/wp\/v2\/users\/1"}],"replies":[{"embeddable":true,"href":"https:\/\/sevenseeds.pl\/index.php\/wp-json\/wp\/v2\/comments?post=3"}],"version-history":[{"count":8,"href":"https:\/\/sevenseeds.pl\/index.php\/wp-json\/wp\/v2\/pages\/3\/revisions"}],"predecessor-version":[{"id":5618,"href":"https:\/\/sevenseeds.pl\/index.php\/wp-json\/wp\/v2\/pages\/3\/revisions\/5618"}],"wp:attachment":[{"href":"https:\/\/sevenseeds.pl\/index.php\/wp-json\/wp\/v2\/media?parent=3"}],"curies":[{"name":"wp","href":"https:\/\/api.w.org\/{rel}","templated":true}]}}